v - 50522 = -2*k, -67*k = -62*k + 2*v - 126305. Is k composite?
False
Suppose r + r + 4 = 0. Let u be (-2 - -2)/(1/r*-4). Suppose 4*p = -p + 3*t + 5257, u = -2*p + t + 2102. Is p a prime number?
True
Suppose 0*g = 2*j - 4*g - 4, -3*j = 4*g + 4. Suppose -5*a + 9*a - 12 = j. Suppose -a*u - 205 = -2*d + 415, -d = -u - 309. Is d a composite number?
False
Suppose 0 = 10*m - 167282 + 5992. Is m a prime number?
False
Let k(b) be the second derivative of 521*b**3/6 + 7*b**2/2 - 41*b. Let u(v) = -520*v - 7. Let l(w) = -7*k(w) - 6*u(w). Is l(-6) prime?
False
Suppose i = l - 1, 2*i + 3*i = -4*l + 31. Let o(y) = -1145*y**3 + 3*y**2 - 2. Let m be o(-1). Is (0 - m/l)*(-32)/24 a prime number?
False
Suppose 3*o + 32 = 4*g, -4*g = -5*g - 3*o + 8. Let u be 0 + 2/g + 30/8. Suppose -u*y - 2532 = -4*a, -4*a = -4*y + y - 2528. Is a a composite number?
True
Suppose 0 = c - 2*t - 77841, 2*t + 33369 + 200174 = 3*c. Is c a composite number?
True
Let m(p) = 8897*p + 2983. Is m(8) prime?
True
Let v = -35 - -26. Let b(g) = g**3 + 10*g**2 + 9*g + 9. Let y be b(v). Suppose y*m - 6290 = 2143. Is m prime?
True
Let c be (-1)/4 - (-27)/12. Suppose -c*x - 4*r = -36974, 92495 = -0*x + 5*x - 2*r. Is x a prime number?
False
Let l(q) = 3079*q**2 - 9*q - 103. Is l(9) prime?
False
Is -3 + 1 + (104269 - (-816)/(-34)) a prime number?
True
Suppose 0 = 4*d - 4*a - 511452, 383597 = 14*d - 11*d - 5*a. Suppose 0 = -29*y + d + 293192. Is y composite?
False
Let u(a) = 10*a**2 - 19*a + 30. Let d = -246 - -255. Is u(d) a prime number?
False
Let s(d) = 5*d**2 + 2*d + 3. Let w(m) = m**2 + m. Let o(l) = s(l) - 4*w(l). Let z be o(0). Suppose -b - b + 69 = 3*t, -4*b + 75 = z*t. Is t prime?
False
Let x(q) = 22*q**3 - 3*q**2 - 11*q - 1. Let j(g) = -g**3 - 12*g**2 - 10*g + 15. Let s = 99 - 110. Let h be j(s). Is x(h) composite?
True
Is ((-2)/(-10))/((-703865148)/39103620 - -18) a prime number?
True
Suppose -5*t = i + 4*i - 5930, 5*i + 4*t = 5928. Suppose -4*y - 4*y + i = 0. Is y + -1 - (-5 - -7) a prime number?
False
Let j(n) = 30*n + 122. Let d be j(-4). Suppose -d*p = -41*p + 561405. Is p prime?
False
Is (-184164 + -1*2)*(-1383)/922 a prime number?
False
Suppose -22 + 46 = 3*h, 5*s - h - 17714687 = 0. Is s prime?
True
Let a = -496 + -15. Let r(w) = -w + 52. Let x be r(0). Let s = x - a. Is s a composite number?
False
Let t(j) = -33*j + 4. Let c be t(-1). Let p = c - 34. Is 36564/9 + -1 + 4/p prime?
False
Let l be (36/16)/(-3)*4. Let u be (2 + -3 - l)*5/2. Suppose 0*n - u*t - 863 = -2*n, -n + 5*t = -444. Is n a prime number?
True
Let l = -26 - -34. Let f(t) = 3*t**2 + 20*t - 23. Is f(l) a prime number?
False
Suppose 2*q - 3*y = 15, 5*q - 12 = -4*y + 3*y. Suppose 0 = -q*t + 2*v + 38365, 37*t - 5*v + 12811 = 38*t. Is t a prime number?
True
Let m be (-6960)/140 - (-1)/(-7)*2. Let i = -51 - m. Is (-111*5/20)/(i/4) a prime number?
False
Suppose -5*i = -2*u + 7*u - 120, 3*i + 4 = u. Suppose 9*h + 2*d - u = 4*h, -3*d - 6 = -4*h. Suppose k = 3*m + 1637, 0*k + 4911 = 3*k + h*m. Is k a prime number?
True
Suppose 11*x - 1457134 = -18*x. Let k = x - 23619. Is k composite?
False
Suppose -2*v + 7 = -5*d + 45, 0 = 2*d - v - 15. Is d/(-6) - (-387060)/180 a prime number?
False
Is 924/(-396)*1*-139803 a prime number?
False
Let o = 875782 - 152759. Is o a prime number?
False
Suppose -1178204 - 172815 = -7*m + 186734. Is m prime?
True
Is (45/6)/(-5)*7/(189/(-118134)) prime?
True
Let c be (-1)/(-4) - ((-116)/(-16) + 6). Let h(y) = -7*y**3 + 9*y**2 - 20*y + 23. Is h(c) a composite number?
False
Suppose 3*q = 2*y - 4 - 9, 5*y + 25 = -4*q. Let g be (q/(5/1049))/(-1). Suppose -4*p + 3*p = -g. Is p a composite number?
False
Let x = -2595 + 50540. Suppose 125674 - x = 19*j. Is j prime?
True
Let v be (-3 - -3)/(-1*2). Suppose -5*f - 2*x = -v*f + 1850, 3*x - 1089 = 3*f. Let d = f - -581. Is d composite?
True
Suppose -2*f + 201*q = 202*q - 336448, 3*q = 18. Is f a prime number?
False
Let o be 2/(26/130479) + 134/871. Suppose 23262 = 7*v - o. Is v a composite number?
True
Let d be (8735/10)/((-1)/2). Let s(w) = -w**3 - 38*w**2 + 78*w - 81. Let y be s(-40). Is y*((6 + -4 - 2) + d) composite?
False
Is (-11589580)/136*(-4)/10 composite?
True
Let b = 492 - -524. Suppose y + 5*u - 501 = 0, 0*u = 2*y + 3*u - b. Is y a prime number?
False
Let b = -26 + 34. Suppose -1758 = -b*h + 16114. Let q = h - -2639. Is q a composite number?
True
Suppose -3*x - 4 = -19. Is ((-8)/24)/(x/(-30705)) composite?
True
Suppose -90*o = 4*o - 94396210. Is o a prime number?
False
Is (23/(43 + 26))/((-1)/(-2403273)) prime?
False
Suppose -111*h - 29140518 = -57062370 - 30463593. Is h prime?
False
Let z = -2 - -7. Suppose -8 - 27 = -d + z*c, d + 1 = -4*c. Suppose -180 = -3*h - d. Is h a composite number?
True
Let o(k) = -2803*k + 6068. Is o(-27) a prime number?
True
Suppose 1 = 4*u - 2*u - x, 0 = -3*u + 2*x + 2. Let i(o) = 2*o - 2*o + 342 + 163 + o. Is i(u) a composite number?
True
Is (16 - 133035/5)/(-1) a composite number?
False
Let m = 51 + -36. Suppose -45329 - 53776 = -m*w. Is w prime?
True
Let v(n) = 690*n**3 - 3*n + 1. Suppose -2*a + 26 = 22. Is v(a) composite?
True
Is (-150 + 1)*4/4*(365 - 402) composite?
True
Suppose -2*b + 4 = -0*b. Let c(g) = 5*g - 13*g**2 + 21*g**b + 4 - 6*g**2. Is c(9) composite?
False
Suppose -10*a + 296 = -1334. Let o = a - 101. Is o composite?
True
Let p = -390391 + 678836. Is p a prime number?
False
Let f(j) = 83*j**2 + 62*j - 20. Is f(19) a composite number?
False
Let b(j) = -92 - j**2 + 0*j**2 - 4*j - 609*j**3 - 4*j**2 + 93. Is b(-2) a prime number?
True
Suppose -2727*y + 2605*y + 30912604 = 0. Is y composite?
True
Suppose 5*l = -2*z + 2435, -37*z = -l - 41*z + 469. Is l prime?
False
Let f = 149 - 131. Suppose d - 5*m - 15244 = 0, -2*d - 22*m + 30530 = -f*m. Is d a prime number?
True
Suppose w = 0, 11*b + 5*w + 42 = 9*b. Let h(m) = -497*m + 140. Is h(b) composite?
True
Suppose h + 4*y - 1018 = 0, -7*h + 8*h - 1018 = -5*y. Suppose i = 3*a - h, a - i = -9 + 345. Is a a composite number?
True
Let f(m) = m - 4. Let v be f(13). Let r be (-9)/v + 4/(8/11046). Suppose 0 = 7*w - 18*w + r. Is w a prime number?
False
Let o(u) be the first derivative of u**4/4 + 10*u**3/3 + 5*u**2 + 13*u + 23. Let w be o(-9). Is 3*w/12 + (-1304)/(-2) prime?
True
Suppose -8146 - 82107 = -17*q. Suppose -q = -27*c + 24850. Is c prime?
True
Suppose 3*l + 11040 = 4*p, 2*l = -5*p - 0*p + 13823. Suppose -36 = -54*x + 180. Suppose -x*u + u = -p. Is u a prime number?
False
Suppose -6*s + s + 7651 = -2*x, -5*s + 7657 = -4*x. Suppose 3*j - s = 2*j. Suppose 0 = -2*g + g + j. Is g a composite number?
True
Let z be 0/((-2)/(-1) - 0) - -2. Let t(w) = -9*w - z*w - 11*w + 29*w + 22. Is t(15) a composite number?
False
Let p(t) = 48*t**3 - 4*t**2 - 6*t - 6. Let d be p(5). Suppose -4 = -j - 2*n, 2*n = -3*j - 7 + 15. Is ((-112)/(-64))/(j/d) a composite number?
True
Suppose 0 = -8*j - 1517 - 499. Is (-9574)/(0 - 2) - (j - -256) composite?
False
Suppose -3*m - 110 - 9 = 4*z, -23 = z + 3*m. Let y(r) = 2*r - 34. Let c be y(14). Is (-1748)/c + 1 + z/(-48) composite?
False
Suppose 140*l - 143*l = -39. Suppose -l*q - 9*q = -469502. Is q a composite number?
False
Let l be -5 - (5 - 18 - -6). Suppose 0 = 4*w - 3*p - 995, 6*p + 490 = l*w + 2*p. Is w a prime number?
True
Suppose 5466*u - 5465*u = 604685. Is u a prime number?
False
Let b(l) = 2*l**2 + 7*l + 9. Let d be b(-2). Let a(r) = 17*r**2 + 4*r - 1. Let c be a(d). Suppose f - c = 153. Is f a prime number?
True
Suppose 47*n - f = 49*n - 2549941, 2*f = -5*n + 6374853. Is n composite?
True
Suppose 7 - 3 = 3*i + 5*h, -i + 4 = -h. Is 8966/i - 40/24 a prime number?
False
Suppose -10 = -7*z + 2*z. Suppose -2*v - 16 = 2*s, 2*v - 4*s + 8 = -z. Let m = 264 + v. Is m a composite number?
False
Let x(d) be the third derivative of -d**5/60 + 29*d**4/24 + 37*d**3/6 - 39*d**2. Is x(15) prime?
False
Suppose 51*w - 43*w = 41*w - 2870571. Is w prime?
False
Suppose -7111 = -s - 4*g - 1560, -2*g = s - 5561. Let h = -5667 - -5652. Is 6/h + s/30*2 a prime number?
False
Let y(r) = -1 + 85*r**2 - 8*r**2 + 0 - 15*r**2 + 0 + 13*r. Let z be 3/(-1)*20/(-15). Is y(z) a composite number?
True
Let b(c) = c**3 - 30*c**2 - 11*c + 27. Let p(o) = -o**3 + 29*o**2 + 10*o - 26. Let l(x) = -5*b(x) - 4*p(x). Is l(15) prime?
False
Suppose -m + 826 = 2*o - 19605, o = m - 